{"id":812,"date":"2021-02-04T03:58:58","date_gmt":"2021-02-04T03:58:58","guid":{"rendered":"https:\/\/wp.itv.edu.ec\/?page_id=812"},"modified":"2026-04-07T20:43:35","modified_gmt":"2026-04-08T01:43:35","slug":"solicitar-informacion","status":"publish","type":"page","link":"https:\/\/itv.edu.ec\/sitio\/solicitar-informacion","title":{"rendered":"Solicitar Informaci\u00f3n"},"content":{"rendered":"\t\t<div data-elementor-type=\"wp-page\" data-elementor-id=\"812\" class=\"elementor elementor-812\" data-elementor-post-type=\"page\">\n\t\t\t\t\t\t<section class=\"has_eae_slider elementor-section elementor-top-section elementor-element elementor-element-e941ece elementor-section-boxed elementor-section-height-default elementor-section-height-default\" data-eae-slider=\"2518\" data-id=\"e941ece\" data-element_type=\"section\" data-settings=\"{&quot;background_background&quot;:&quot;classic&quot;}\">\n\t\t\t\t\t\t\t<div class=\"elementor-background-overlay\"><\/div>\n\t\t\t\t\t\t\t<div class=\"elementor-container elementor-column-gap-no\">\n\t\t\t\t\t<div class=\"has_eae_slider elementor-column elementor-col-100 elementor-top-column elementor-element elementor-element-3fe0b8f\" data-eae-slider=\"8656\" data-id=\"3fe0b8f\" data-element_type=\"column\">\n\t\t\t<div class=\"elementor-widget-wrap elementor-element-populated\">\n\t\t\t\t\t\t<div class=\"elementor-element elementor-element-60f4a16 elementor-widget elementor-widget-heading\" data-id=\"60f4a16\" data-element_type=\"widget\" data-widget_type=\"heading.default\">\n\t\t\t\t<div class=\"elementor-widget-container\">\n\t\t\t\t\t<h1 class=\"elementor-heading-title elementor-size-default\">Solicitar Informaci\u00f3n<\/h1>\t\t\t\t<\/div>\n\t\t\t\t<\/div>\n\t\t\t\t<div class=\"elementor-element elementor-element-19a121d elementor-widget-divider--view-line elementor-widget elementor-widget-divider\" data-id=\"19a121d\" data-element_type=\"widget\" data-widget_type=\"divider.default\">\n\t\t\t\t<div class=\"elementor-widget-container\">\n\t\t\t\t\t\t\t<div class=\"elementor-divider\">\n\t\t\t<span class=\"elementor-divider-separator\">\n\t\t\t\t\t\t<\/span>\n\t\t<\/div>\n\t\t\t\t\t\t<\/div>\n\t\t\t\t<\/div>\n\t\t\t\t\t<\/div>\n\t\t<\/div>\n\t\t\t\t\t<\/div>\n\t\t<\/section>\n\t\t\t\t<section class=\"has_eae_slider elementor-section elementor-top-section elementor-element elementor-element-44d3874 elementor-section-boxed elementor-section-height-default elementor-section-height-default\" data-eae-slider=\"86580\" data-id=\"44d3874\" data-element_type=\"section\">\n\t\t\t\t\t\t<div class=\"elementor-container elementor-column-gap-default\">\n\t\t\t\t\t<div class=\"has_eae_slider elementor-column elementor-col-100 elementor-top-column elementor-element elementor-element-4d0ccbb\" data-eae-slider=\"30964\" data-id=\"4d0ccbb\" data-element_type=\"column\">\n\t\t\t<div class=\"elementor-widget-wrap elementor-element-populated\">\n\t\t\t\t\t\t<div class=\"elementor-element elementor-element-580b3ea elementor-widget elementor-widget-htmega-wpforms-addons\" data-id=\"580b3ea\" data-element_type=\"widget\" data-widget_type=\"htmega-wpforms-addons.default\">\n\t\t\t\t<div class=\"elementor-widget-container\">\n\t\t\t\t\t<div class=\"wpforms-container \" id=\"wpforms-8393\"><form id=\"wpforms-form-8393\" class=\"wpforms-validate wpforms-form\" data-formid=\"8393\" method=\"post\" enctype=\"multipart\/form-data\" action=\"\/sitio\/wp-json\/wp\/v2\/pages\/812\" data-token=\"4597679238e6442823dfd39e86c9c14f\" data-token-time=\"1776955708\"><noscript class=\"wpforms-error-noscript\">Por favor, activa JavaScript en tu navegador para completar este formulario.<\/noscript><div class=\"wpforms-field-container\"><div id=\"wpforms-8393-field_0-container\" class=\"wpforms-field wpforms-field-name\" data-field-id=\"0\"><label class=\"wpforms-field-label\" for=\"wpforms-8393-field_0\">Nombres y Apellidos <span class=\"wpforms-required-label\">*<\/span><\/label><div class=\"wpforms-field-row wpforms-field-medium\"><div class=\"wpforms-field-row-block wpforms-first wpforms-one-half\"><input type=\"text\" id=\"wpforms-8393-field_0\" class=\"wpforms-field-name-first wpforms-field-required\" name=\"wpforms[fields][0][first]\" placeholder=\"Nombres\" required><label for=\"wpforms-8393-field_0\" class=\"wpforms-field-sublabel after wpforms-sublabel-hide\">Nombre<\/label><\/div><div class=\"wpforms-field-row-block wpforms-one-half\"><input type=\"text\" id=\"wpforms-8393-field_0-last\" class=\"wpforms-field-name-last wpforms-field-required\" name=\"wpforms[fields][0][last]\" placeholder=\"Apellidos\" required><label for=\"wpforms-8393-field_0-last\" class=\"wpforms-field-sublabel after wpforms-sublabel-hide\">Apellidos<\/label><\/div><\/div><\/div><div id=\"wpforms-8393-field_28-container\" class=\"wpforms-field wpforms-field-text\" data-field-id=\"28\"><label class=\"wpforms-field-label\" for=\"wpforms-8393-field_28\">Celular <span class=\"wpforms-required-label\">*<\/span><\/label><input type=\"text\" id=\"wpforms-8393-field_28\" class=\"wpforms-field-medium wpforms-field-required\" name=\"wpforms[fields][28]\" placeholder=\"0984377312\" required><\/div><div id=\"wpforms-8393-field_29-container\" class=\"wpforms-field wpforms-field-text\" data-field-id=\"29\"><label class=\"wpforms-field-label\" for=\"wpforms-8393-field_29\">Segundo n\u00famero de contacto (opcional)<\/label><input type=\"text\" id=\"wpforms-8393-field_29\" class=\"wpforms-field-medium\" name=\"wpforms[fields][29]\" placeholder=\"0984377312\" ><\/div><div id=\"wpforms-8393-field_30-container\" class=\"wpforms-field wpforms-field-email\" data-field-id=\"30\"><label class=\"wpforms-field-label\" for=\"wpforms-8393-field_30\">Correo electr\u00f3nico <span class=\"wpforms-required-label\">*<\/span><\/label><input type=\"email\" id=\"wpforms-8393-field_30\" class=\"wpforms-field-medium wpforms-field-required\" name=\"wpforms[fields][30]\" placeholder=\"correo@mail.com\" spellcheck=\"false\" required><\/div><div id=\"wpforms-8393-field_4-container\" class=\"wpforms-field wpforms-field-checkbox wpforms-list-2-columns\" data-field-id=\"4\"><label class=\"wpforms-field-label\">Carrera<\/label><ul id=\"wpforms-8393-field_4\"><li class=\"choice-1 depth-1\"><input type=\"checkbox\" id=\"wpforms-8393-field_4_1\" name=\"wpforms[fields][4][]\" value=\"Actuaci\u00f3n y Direcci\u00f3n Esc\u00e9nica\"  ><label class=\"wpforms-field-label-inline\" for=\"wpforms-8393-field_4_1\">Actuaci\u00f3n y Direcci\u00f3n Esc\u00e9nica<\/label><\/li><li class=\"choice-2 depth-1\"><input type=\"checkbox\" id=\"wpforms-8393-field_4_2\" name=\"wpforms[fields][4][]\" value=\"Comunicaci\u00f3n Social\"  ><label class=\"wpforms-field-label-inline\" for=\"wpforms-8393-field_4_2\">Comunicaci\u00f3n Social<\/label><\/li><li class=\"choice-3 depth-1\"><input type=\"checkbox\" id=\"wpforms-8393-field_4_3\" name=\"wpforms[fields][4][]\" value=\"Producci\u00f3n Audiovisual\"  ><label class=\"wpforms-field-label-inline\" for=\"wpforms-8393-field_4_3\">Producci\u00f3n Audiovisual<\/label><\/li><li class=\"choice-4 depth-1\"><input type=\"checkbox\" id=\"wpforms-8393-field_4_4\" name=\"wpforms[fields][4][]\" value=\"Ventas\"  ><label class=\"wpforms-field-label-inline\" for=\"wpforms-8393-field_4_4\">Ventas<\/label><\/li><li class=\"choice-5 depth-1\"><input type=\"checkbox\" id=\"wpforms-8393-field_4_5\" name=\"wpforms[fields][4][]\" value=\"Marketing y Comunicaci\u00f3n Digital\"  ><label class=\"wpforms-field-label-inline\" for=\"wpforms-8393-field_4_5\">Marketing y Comunicaci\u00f3n Digital<\/label><\/li><li class=\"choice-6 depth-1\"><input type=\"checkbox\" id=\"wpforms-8393-field_4_6\" name=\"wpforms[fields][4][]\" value=\"Fotograf\u00eda y Video\"  ><label class=\"wpforms-field-label-inline\" for=\"wpforms-8393-field_4_6\">Fotograf\u00eda y Video<\/label><\/li><li class=\"choice-7 depth-1\"><input type=\"checkbox\" id=\"wpforms-8393-field_4_7\" name=\"wpforms[fields][4][]\" value=\"Redes Sociales y Creaci\u00f3n de Contenidos\"  ><label class=\"wpforms-field-label-inline\" for=\"wpforms-8393-field_4_7\">Redes Sociales y Creaci\u00f3n de Contenidos<\/label><\/li><li class=\"choice-8 depth-1\"><input type=\"checkbox\" id=\"wpforms-8393-field_4_8\" name=\"wpforms[fields][4][]\" value=\"Administraci\u00f3n\"  ><label class=\"wpforms-field-label-inline\" for=\"wpforms-8393-field_4_8\">Administraci\u00f3n<\/label><\/li><\/ul><\/div><div id=\"wpforms-8393-field_2-container\" class=\"wpforms-field wpforms-field-textarea\" data-field-id=\"2\"><label class=\"wpforms-field-label\" for=\"wpforms-8393-field_2\">Comentario o mensaje <\/label><textarea id=\"wpforms-8393-field_2\" class=\"wpforms-field-medium\" name=\"wpforms[fields][2]\" ><\/textarea><div class=\"wpforms-field-description\">Al enviar este formulario, acepto la Pol\u00edtica de Privacidad y autorizo el uso de mis datos para recibir informaci\u00f3n del ITV.<\/div><\/div><\/div><!-- .wpforms-field-container --><div class=\"wpforms-submit-container\" ><input type=\"hidden\" name=\"wpforms[id]\" value=\"8393\"><input type=\"hidden\" name=\"page_title\" value=\"\"><input type=\"hidden\" name=\"page_url\" value=\"https:\/\/itv.edu.ec\/sitio\/wp-json\/wp\/v2\/pages\/812\"><input type=\"hidden\" name=\"url_referer\" value=\"\"><button type=\"submit\" name=\"wpforms[submit]\" id=\"wpforms-submit-8393\" class=\"wpforms-submit\" data-alt-text=\"Enviando...\" data-submit-text=\"Enviar\" aria-live=\"assertive\" value=\"wpforms-submit\">Enviar<\/button><\/div><\/form><\/div>  <!-- .wpforms-container -->\t\t\t\t<\/div>\n\t\t\t\t<\/div>\n\t\t\t\t\t<\/div>\n\t\t<\/div>\n\t\t\t\t\t<\/div>\n\t\t<\/section>\n\t\t\t\t<section class=\"has_eae_slider elementor-section elementor-top-section elementor-element elementor-element-58deff8 elementor-section-content-middle elementor-reverse-mobile elementor-section-boxed elementor-section-height-default elementor-section-height-default\" data-eae-slider=\"25394\" data-id=\"58deff8\" data-element_type=\"section\">\n\t\t\t\t\t\t<div class=\"elementor-container elementor-column-gap-no\">\n\t\t\t\t\t<div class=\"has_eae_slider elementor-column elementor-col-50 elementor-top-column elementor-element elementor-element-3a87c19\" data-eae-slider=\"46092\" data-id=\"3a87c19\" data-element_type=\"column\">\n\t\t\t<div class=\"elementor-widget-wrap elementor-element-populated\">\n\t\t\t\t\t\t<div class=\"elementor-element elementor-element-72d1735 elementor-view-stacked elementor-position-left elementor-shape-circle elementor-mobile-position-top elementor-vertical-align-top elementor-widget elementor-widget-icon-box\" data-id=\"72d1735\" data-element_type=\"widget\" data-widget_type=\"icon-box.default\">\n\t\t\t\t<div class=\"elementor-widget-container\">\n\t\t\t\t\t\t\t<div class=\"elementor-icon-box-wrapper\">\n\n\t\t\t\t\t\t<div class=\"elementor-icon-box-icon\">\n\t\t\t\t<span  class=\"elementor-icon\">\n\t\t\t\t<i aria-hidden=\"true\" class=\"fas fa-map-marker-alt\"><\/i>\t\t\t\t<\/span>\n\t\t\t<\/div>\n\t\t\t\n\t\t\t\t\t\t<div class=\"elementor-icon-box-content\">\n\n\t\t\t\t\t\t\t\t\t<h6 class=\"elementor-icon-box-title\">\n\t\t\t\t\t\t<span  >\n\t\t\t\t\t\t\tDirecci\u00f3n\t\t\t\t\t\t<\/span>\n\t\t\t\t\t<\/h6>\n\t\t\t\t\n\t\t\t\t\t\t\t\t\t<p class=\"elementor-icon-box-description\">\n\t\t\t\t\t\tAv. Carlos Julio Arosemena km 2.5 y Las Monjas.<br>Guayaquil, Ecuador\t\t\t\t\t<\/p>\n\t\t\t\t\n\t\t\t<\/div>\n\t\t\t\n\t\t<\/div>\n\t\t\t\t\t\t<\/div>\n\t\t\t\t<\/div>\n\t\t\t\t<div class=\"elementor-element elementor-element-0d11805 elementor-view-stacked elementor-position-left elementor-shape-circle elementor-mobile-position-top elementor-vertical-align-top elementor-widget elementor-widget-icon-box\" data-id=\"0d11805\" data-element_type=\"widget\" data-widget_type=\"icon-box.default\">\n\t\t\t\t<div class=\"elementor-widget-container\">\n\t\t\t\t\t\t\t<div class=\"elementor-icon-box-wrapper\">\n\n\t\t\t\t\t\t<div class=\"elementor-icon-box-icon\">\n\t\t\t\t<a href=\"tel:098%20437%207312\" class=\"elementor-icon\" tabindex=\"-1\" aria-label=\"N\u00famero\">\n\t\t\t\t<i aria-hidden=\"true\" class=\"fas fa-phone\"><\/i>\t\t\t\t<\/a>\n\t\t\t<\/div>\n\t\t\t\n\t\t\t\t\t\t<div class=\"elementor-icon-box-content\">\n\n\t\t\t\t\t\t\t\t\t<h6 class=\"elementor-icon-box-title\">\n\t\t\t\t\t\t<a href=\"tel:098%20437%207312\" >\n\t\t\t\t\t\t\tN\u00famero\t\t\t\t\t\t<\/a>\n\t\t\t\t\t<\/h6>\n\t\t\t\t\n\t\t\t\t\n\t\t\t<\/div>\n\t\t\t\n\t\t<\/div>\n\t\t\t\t\t\t<\/div>\n\t\t\t\t<\/div>\n\t\t\t\t<div class=\"elementor-element elementor-element-e9be9e4 elementor-widget elementor-widget-text-editor\" data-id=\"e9be9e4\" data-element_type=\"widget\" data-widget_type=\"text-editor.default\">\n\t\t\t\t<div class=\"elementor-widget-container\">\n\t\t\t\t\t\t\t\t\t<p><a href=\"tel:098 437 7312\">098 437 7312<\/a><\/p>\t\t\t\t\t\t\t\t<\/div>\n\t\t\t\t<\/div>\n\t\t\t\t<div class=\"elementor-element elementor-element-bc3a828 elementor-view-stacked elementor-position-left elementor-shape-circle elementor-mobile-position-top elementor-vertical-align-top elementor-widget elementor-widget-icon-box\" data-id=\"bc3a828\" data-element_type=\"widget\" data-widget_type=\"icon-box.default\">\n\t\t\t\t<div class=\"elementor-widget-container\">\n\t\t\t\t\t\t\t<div class=\"elementor-icon-box-wrapper\">\n\n\t\t\t\t\t\t<div class=\"elementor-icon-box-icon\">\n\t\t\t\t<a href=\"tel:099%20437%207312\" class=\"elementor-icon\" tabindex=\"-1\" aria-label=\"Correo Electr\u00f3nico\">\n\t\t\t\t<i aria-hidden=\"true\" class=\"mdi mdi-email\"><\/i>\t\t\t\t<\/a>\n\t\t\t<\/div>\n\t\t\t\n\t\t\t\t\t\t<div class=\"elementor-icon-box-content\">\n\n\t\t\t\t\t\t\t\t\t<h6 class=\"elementor-icon-box-title\">\n\t\t\t\t\t\t<a href=\"tel:099%20437%207312\" >\n\t\t\t\t\t\t\tCorreo Electr\u00f3nico\t\t\t\t\t\t<\/a>\n\t\t\t\t\t<\/h6>\n\t\t\t\t\n\t\t\t\t\n\t\t\t<\/div>\n\t\t\t\n\t\t<\/div>\n\t\t\t\t\t\t<\/div>\n\t\t\t\t<\/div>\n\t\t\t\t<div class=\"elementor-element elementor-element-6f30166 elementor-widget elementor-widget-text-editor\" data-id=\"6f30166\" data-element_type=\"widget\" data-widget_type=\"text-editor.default\">\n\t\t\t\t<div class=\"elementor-widget-container\">\n\t\t\t\t\t\t\t\t\t<p><a href=\"mailto:admisiones@itv.edu.ec\">admisiones@itv.edu.ec<\/a><\/p><p><a href=\"mailto:mercadeo@itv.edu.ec\">mercadeo@itv.edu.ec<\/a><\/p><p>\u00a0<\/p>\t\t\t\t\t\t\t\t<\/div>\n\t\t\t\t<\/div>\n\t\t\t\t\t<\/div>\n\t\t<\/div>\n\t\t\t\t<div class=\"has_eae_slider elementor-column elementor-col-50 elementor-top-column elementor-element elementor-element-3fd424a\" data-eae-slider=\"63831\" data-id=\"3fd424a\" data-element_type=\"column\">\n\t\t\t<div class=\"elementor-widget-wrap elementor-element-populated\">\n\t\t\t\t\t\t<div class=\"elementor-element elementor-element-7356bda elementor-widget elementor-widget-google_maps\" data-id=\"7356bda\" data-element_type=\"widget\" data-widget_type=\"google_maps.default\">\n\t\t\t\t<div class=\"elementor-widget-container\">\n\t\t\t\t\t\t\t<div class=\"elementor-custom-embed\">\n\t\t\t<iframe loading=\"lazy\"\n\t\t\t\t\tsrc=\"https:\/\/maps.google.com\/maps?q=ITV%20ecuador&#038;t=m&#038;z=15&#038;output=embed&#038;iwloc=near\"\n\t\t\t\t\ttitle=\"ITV ecuador\"\n\t\t\t\t\taria-label=\"ITV ecuador\"\n\t\t\t><\/iframe>\n\t\t<\/div>\n\t\t\t\t\t\t<\/div>\n\t\t\t\t<\/div>\n\t\t\t\t\t<\/div>\n\t\t<\/div>\n\t\t\t\t\t<\/div>\n\t\t<\/section>\n\t\t\t\t<\/div>\n\t\t","protected":false},"excerpt":{"rendered":"<p>Solicitar Informaci\u00f3n Please enable JavaScript in your browser to complete this form.Nombres y Apellidos *FirstLastCelular *Segundo n\u00famero de contacto (opcional)Correo electr\u00f3nico *Carrera Actuaci\u00f3n y Direcci\u00f3n Esc\u00e9nica Comunicaci\u00f3n Social Producci\u00f3n Audiovisual Ventas Marketing y Comunicaci\u00f3n Digital Fotograf\u00eda y Video Redes Sociales y Creaci\u00f3n de Contenidos Administraci\u00f3n Comentario o mensaje Al enviar este formulario, acepto la Pol\u00edtica &hellip;<\/p>\n<p class=\"read-more\"> <a class=\"\" href=\"https:\/\/itv.edu.ec\/sitio\/solicitar-informacion\"> <span class=\"screen-reader-text\">Solicitar Informaci\u00f3n<\/span> Leer m\u00e1s &raquo;<\/a><\/p>\n","protected":false},"author":3,"featured_media":0,"parent":0,"menu_order":186,"comment_status":"closed","ping_status":"closed","template":"","meta":{"site-sidebar-layout":"no-sidebar","site-content-layout":"page-builder","ast-main-header-display":"","ast-hfb-above-header-display":"","ast-hfb-below-header-display":"","ast-hfb-mobile-header-display":"","site-post-title":"disabled","ast-breadcrumbs-content":"","ast-featured-img":"disabled","footer-sml-layout":"","theme-transparent-header-meta":"enabled","adv-header-id-meta":"","stick-header-meta":"","header-above-stick-meta":"","header-main-stick-meta":"","header-below-stick-meta":"","footnotes":""},"class_list":["post-812","page","type-page","status-publish","hentry"],"yoast_head":"<!-- This site is optimized with the Yoast SEO plugin v27.2 - https:\/\/yoast.com\/product\/yoast-seo-wordpress\/ -->\n<title>Solicitar Informaci\u00f3n -<\/title>\n<meta name=\"robots\" content=\"noindex, follow\" \/>\n<meta property=\"og:locale\" content=\"es_ES\" \/>\n<meta property=\"og:type\" content=\"article\" \/>\n<meta property=\"og:title\" content=\"Solicitar Informaci\u00f3n -\" \/>\n<meta property=\"og:description\" content=\"Solicitar Informaci\u00f3n Please enable JavaScript in your browser to complete this form.Nombres y Apellidos *FirstLastCelular *Segundo n\u00famero de contacto (opcional)Correo electr\u00f3nico *Carrera Actuaci\u00f3n y Direcci\u00f3n Esc\u00e9nica Comunicaci\u00f3n Social Producci\u00f3n Audiovisual Ventas Marketing y Comunicaci\u00f3n Digital Fotograf\u00eda y Video Redes Sociales y Creaci\u00f3n de Contenidos Administraci\u00f3n Comentario o mensaje Al enviar este formulario, acepto la Pol\u00edtica &hellip; Solicitar Informaci\u00f3n Leer m\u00e1s &raquo;\" \/>\n<meta property=\"og:url\" content=\"https:\/\/itv.edu.ec\/sitio\/solicitar-informacion\" \/>\n<meta property=\"article:modified_time\" content=\"2026-04-08T01:43:35+00:00\" \/>\n<meta name=\"twitter:card\" content=\"summary_large_image\" \/>\n<meta name=\"twitter:label1\" content=\"Tiempo de lectura\" \/>\n\t<meta name=\"twitter:data1\" content=\"1 minuto\" \/>\n<script type=\"application\/ld+json\" class=\"yoast-schema-graph\">{\"@context\":\"https:\/\/schema.org\",\"@graph\":[{\"@type\":\"WebPage\",\"@id\":\"https:\/\/itv.edu.ec\/sitio\/solicitar-informacion\",\"url\":\"https:\/\/itv.edu.ec\/sitio\/solicitar-informacion\",\"name\":\"Solicitar Informaci\u00f3n -\",\"isPartOf\":{\"@id\":\"https:\/\/itv.edu.ec\/sitio\/#website\"},\"datePublished\":\"2021-02-04T03:58:58+00:00\",\"dateModified\":\"2026-04-08T01:43:35+00:00\",\"breadcrumb\":{\"@id\":\"https:\/\/itv.edu.ec\/sitio\/solicitar-informacion#breadcrumb\"},\"inLanguage\":\"es\",\"potentialAction\":[{\"@type\":\"ReadAction\",\"target\":[\"https:\/\/itv.edu.ec\/sitio\/solicitar-informacion\"]}]},{\"@type\":\"BreadcrumbList\",\"@id\":\"https:\/\/itv.edu.ec\/sitio\/solicitar-informacion#breadcrumb\",\"itemListElement\":[{\"@type\":\"ListItem\",\"position\":1,\"name\":\"Portada\",\"item\":\"https:\/\/itv.edu.ec\/sitio\/\"},{\"@type\":\"ListItem\",\"position\":2,\"name\":\"Solicitar Informaci\u00f3n\"}]},{\"@type\":\"WebSite\",\"@id\":\"https:\/\/itv.edu.ec\/sitio\/#website\",\"url\":\"https:\/\/itv.edu.ec\/sitio\/\",\"name\":\"\",\"description\":\"La puerta de entrada a la TV\",\"potentialAction\":[{\"@type\":\"SearchAction\",\"target\":{\"@type\":\"EntryPoint\",\"urlTemplate\":\"https:\/\/itv.edu.ec\/sitio\/?s={search_term_string}\"},\"query-input\":{\"@type\":\"PropertyValueSpecification\",\"valueRequired\":true,\"valueName\":\"search_term_string\"}}],\"inLanguage\":\"es\"}]}<\/script>\n<!-- \/ Yoast SEO plugin. -->","yoast_head_json":{"title":"Solicitar Informaci\u00f3n -","robots":{"index":"noindex","follow":"follow"},"og_locale":"es_ES","og_type":"article","og_title":"Solicitar Informaci\u00f3n -","og_description":"Solicitar Informaci\u00f3n Please enable JavaScript in your browser to complete this form.Nombres y Apellidos *FirstLastCelular *Segundo n\u00famero de contacto (opcional)Correo electr\u00f3nico *Carrera Actuaci\u00f3n y Direcci\u00f3n Esc\u00e9nica Comunicaci\u00f3n Social Producci\u00f3n Audiovisual Ventas Marketing y Comunicaci\u00f3n Digital Fotograf\u00eda y Video Redes Sociales y Creaci\u00f3n de Contenidos Administraci\u00f3n Comentario o mensaje Al enviar este formulario, acepto la Pol\u00edtica &hellip; Solicitar Informaci\u00f3n Leer m\u00e1s &raquo;","og_url":"https:\/\/itv.edu.ec\/sitio\/solicitar-informacion","article_modified_time":"2026-04-08T01:43:35+00:00","twitter_card":"summary_large_image","twitter_misc":{"Tiempo de lectura":"1 minuto"},"schema":{"@context":"https:\/\/schema.org","@graph":[{"@type":"WebPage","@id":"https:\/\/itv.edu.ec\/sitio\/solicitar-informacion","url":"https:\/\/itv.edu.ec\/sitio\/solicitar-informacion","name":"Solicitar Informaci\u00f3n -","isPartOf":{"@id":"https:\/\/itv.edu.ec\/sitio\/#website"},"datePublished":"2021-02-04T03:58:58+00:00","dateModified":"2026-04-08T01:43:35+00:00","breadcrumb":{"@id":"https:\/\/itv.edu.ec\/sitio\/solicitar-informacion#breadcrumb"},"inLanguage":"es","potentialAction":[{"@type":"ReadAction","target":["https:\/\/itv.edu.ec\/sitio\/solicitar-informacion"]}]},{"@type":"BreadcrumbList","@id":"https:\/\/itv.edu.ec\/sitio\/solicitar-informacion#breadcrumb","itemListElement":[{"@type":"ListItem","position":1,"name":"Portada","item":"https:\/\/itv.edu.ec\/sitio\/"},{"@type":"ListItem","position":2,"name":"Solicitar Informaci\u00f3n"}]},{"@type":"WebSite","@id":"https:\/\/itv.edu.ec\/sitio\/#website","url":"https:\/\/itv.edu.ec\/sitio\/","name":"","description":"La puerta de entrada a la TV","potentialAction":[{"@type":"SearchAction","target":{"@type":"EntryPoint","urlTemplate":"https:\/\/itv.edu.ec\/sitio\/?s={search_term_string}"},"query-input":{"@type":"PropertyValueSpecification","valueRequired":true,"valueName":"search_term_string"}}],"inLanguage":"es"}]}},"_links":{"self":[{"href":"https:\/\/itv.edu.ec\/sitio\/wp-json\/wp\/v2\/pages\/812","targetHints":{"allow":["GET"]}}],"collection":[{"href":"https:\/\/itv.edu.ec\/sitio\/wp-json\/wp\/v2\/pages"}],"about":[{"href":"https:\/\/itv.edu.ec\/sitio\/wp-json\/wp\/v2\/types\/page"}],"author":[{"embeddable":true,"href":"https:\/\/itv.edu.ec\/sitio\/wp-json\/wp\/v2\/users\/3"}],"replies":[{"embeddable":true,"href":"https:\/\/itv.edu.ec\/sitio\/wp-json\/wp\/v2\/comments?post=812"}],"version-history":[{"count":113,"href":"https:\/\/itv.edu.ec\/sitio\/wp-json\/wp\/v2\/pages\/812\/revisions"}],"predecessor-version":[{"id":21714,"href":"https:\/\/itv.edu.ec\/sitio\/wp-json\/wp\/v2\/pages\/812\/revisions\/21714"}],"wp:attachment":[{"href":"https:\/\/itv.edu.ec\/sitio\/wp-json\/wp\/v2\/media?parent=812"}],"curies":[{"name":"wp","href":"https:\/\/api.w.org\/{rel}","templated":true}]}}