{"id":21693,"date":"2026-04-07T20:23:22","date_gmt":"2026-04-08T01:23:22","guid":{"rendered":"https:\/\/itv.edu.ec\/sitio\/?page_id=21693"},"modified":"2026-04-07T20:29:40","modified_gmt":"2026-04-08T01:29:40","slug":"politica-de-privacidad","status":"publish","type":"page","link":"https:\/\/itv.edu.ec\/sitio\/politica-de-privacidad","title":{"rendered":"Pol\u00edtica de Privacidad"},"content":{"rendered":"\t\t<div data-elementor-type=\"wp-page\" data-elementor-id=\"21693\" class=\"elementor elementor-21693\" data-elementor-post-type=\"page\">\n\t\t\t\t\t\t<section class=\"has_eae_slider elementor-section elementor-top-section elementor-element elementor-element-55afc94 elementor-section-boxed elementor-section-height-default elementor-section-height-default\" data-eae-slider=\"847\" data-id=\"55afc94\" data-element_type=\"section\" data-settings=\"{&quot;background_background&quot;:&quot;classic&quot;}\">\n\t\t\t\t\t\t\t<div class=\"elementor-background-overlay\"><\/div>\n\t\t\t\t\t\t\t<div class=\"elementor-container elementor-column-gap-no\">\n\t\t\t\t\t<div class=\"has_eae_slider elementor-column elementor-col-100 elementor-top-column elementor-element elementor-element-4ba7b22\" data-eae-slider=\"48282\" data-id=\"4ba7b22\" data-element_type=\"column\">\n\t\t\t<div class=\"elementor-widget-wrap elementor-element-populated\">\n\t\t\t\t\t\t<div class=\"elementor-element elementor-element-0476778 elementor-widget elementor-widget-heading\" data-id=\"0476778\" data-element_type=\"widget\" data-widget_type=\"heading.default\">\n\t\t\t\t<div class=\"elementor-widget-container\">\n\t\t\t\t\t<h1 class=\"elementor-heading-title elementor-size-default\">Pol\u00edtica de Privacidad<\/h1>\t\t\t\t<\/div>\n\t\t\t\t<\/div>\n\t\t\t\t\t<\/div>\n\t\t<\/div>\n\t\t\t\t\t<\/div>\n\t\t<\/section>\n\t\t\t\t<section class=\"has_eae_slider elementor-section elementor-top-section elementor-element elementor-element-e21b8d9 elementor-section-boxed elementor-section-height-default elementor-section-height-default\" data-eae-slider=\"59218\" data-id=\"e21b8d9\" data-element_type=\"section\" data-settings=\"{&quot;background_background&quot;:&quot;classic&quot;}\">\n\t\t\t\t\t\t<div class=\"elementor-container elementor-column-gap-default\">\n\t\t\t\t\t<div class=\"has_eae_slider elementor-column elementor-col-100 elementor-top-column elementor-element elementor-element-c433492\" data-eae-slider=\"1804\" data-id=\"c433492\" data-element_type=\"column\">\n\t\t\t<div class=\"elementor-widget-wrap elementor-element-populated\">\n\t\t\t\t\t\t<div class=\"elementor-element elementor-element-90c1f45 elementor-widget elementor-widget-text-editor\" data-id=\"90c1f45\" data-element_type=\"widget\" data-widget_type=\"text-editor.default\">\n\t\t\t\t<div class=\"elementor-widget-container\">\n\t\t\t\t\t\t\t\t\t<p class=\"s3\" style=\"text-align: center;\"><span class=\"s2\"><b>Instituto Tecnol\u00f3gico Superior Universitario de Estudios ITV<\/b><\/span><\/p><p class=\"s4\">\u00a0<\/p><p class=\"s6\"><span class=\"s5\">Pol\u00edtica de Privacidad<\/span><\/p><p class=\"s8\"><span class=\"s7\">\u00daltima actualizaci\u00f3n: abril de 2026<\/span><\/p><p class=\"s11\"><span class=\"s9\">El <\/span><span class=\"s10\">Instituto Tecnol\u00f3gico Superior Universitario de Estudios ITV<\/span><span class=\"s9\"> (\u00abITV\u00bb, \u00abnosotros\u00bb) respeta su privacidad y se compromete a proteger la informaci\u00f3n personal que nos comparte a trav\u00e9s de nuestros formularios de contacto, incluyendo los formularios de generaci\u00f3n de clientes potenciales en plataformas de publicidad digital como TikTok.<\/span><\/p><p class=\"s13\"><span class=\"s12\"><b>1. Informaci\u00f3n que recopilamos<\/b><\/span><\/p><p class=\"s14\"><span class=\"s9\">A trav\u00e9s de nuestros formularios de contacto podemos recopilar:<\/span><\/p><div class=\"s15\">\u2022 <span class=\"s9\">Nombre completo<\/span><\/div><div class=\"s15\">\u2022 <span class=\"s9\">N\u00famero de tel\u00e9fono<\/span><\/div><div class=\"s15\">\u2022 <span class=\"s9\">Correo electr\u00f3nico<\/span><\/div><div class=\"s15\">\u2022 <span class=\"s9\">Carrera o programa de inter\u00e9s (cuando aplique)<\/span><br \/><span class=\"s9\"><br \/><\/span><\/div><p class=\"s13\"><span class=\"s12\"><b>2. Finalidad del tratamiento<\/b><\/span><\/p><p class=\"s14\"><span class=\"s9\">Usamos su informaci\u00f3n exclusivamente para:<\/span><\/p><div class=\"s15\">\u2022 <span class=\"s9\">Contactarle y brindarle informaci\u00f3n sobre nuestras carreras, cursos y programas acad\u00e9micos.<\/span><\/div><div class=\"s15\">\u2022 <span class=\"s9\">Responder a solicitudes de admisi\u00f3n o consultas educativas.<\/span><\/div><div class=\"s15\">\u2022 <span class=\"s9\">Enviar informaci\u00f3n relevante sobre el ITV que usted haya solicitado.<\/span><\/div><p class=\"s11\"><span class=\"s9\">No utilizamos su informaci\u00f3n para fines distintos a los indicados sin su consentimiento previo.<\/span><\/p><p class=\"s13\"><span class=\"s12\"><b>3. Compartici\u00f3n de datos<\/b><\/span><\/p><p class=\"s16\"><span class=\"s9\">ITV <\/span><span class=\"s10\">no vende ni cede<\/span><span class=\"s9\"> su informaci\u00f3n personal a terceros con fines comerciales. Sus datos podr\u00e1n ser procesados por proveedores de servicios tecnol\u00f3gicos que nos asisten (por ejemplo, plataformas de CRM o comunicaci\u00f3n), bajo estrictas obligaciones de confidencialidad y \u00fanicamente para los fines descritos en esta pol\u00edtica.<\/span><\/p><p class=\"s11\"><span class=\"s9\">Si usted nos contact\u00f3 a trav\u00e9s de un formulario de TikTok Ads, TikTok tambi\u00e9n almacenar\u00e1 su informaci\u00f3n de acuerdo con su propia Pol\u00edtica de Privacidad (<\/span><span class=\"s17\">www.tiktok.com\/legal\/privacy-policy<\/span><span class=\"s9\">).<\/span><\/p><p class=\"s13\"><span class=\"s12\"><b>4. Base legal<\/b><\/span><\/p><p class=\"s11\"><span class=\"s9\">El tratamiento de sus datos se basa en su <\/span><span class=\"s10\">consentimiento expreso<\/span><span class=\"s9\"> al completar y enviar el formulario de contacto, de conformidad con la Ley Org\u00e1nica de Protecci\u00f3n de Datos Personales del Ecuador (LOPDP) y dem\u00e1s normativa aplicable.<\/span><\/p><p class=\"s13\"><span class=\"s12\"><b>5. Conservaci\u00f3n de datos<\/b><\/span><\/p><p class=\"s11\"><span class=\"s9\">Conservamos su informaci\u00f3n personal mientras sea necesaria para los fines descritos o hasta que solicite su eliminaci\u00f3n. Una vez cumplida la finalidad, sus datos ser\u00e1n eliminados o anonimizados de forma segura.<\/span><\/p><p class=\"s13\"><span class=\"s12\"><b>6. Sus derechos<\/b><\/span><\/p><p class=\"s14\"><span class=\"s9\">Usted tiene derecho a:<\/span><\/p><div class=\"s15\">\u2022 <span class=\"s10\">Acceder<\/span><span class=\"s9\"> a los datos que tenemos sobre usted.<\/span><\/div><div class=\"s15\">\u2022 <span class=\"s10\">Rectificar<\/span><span class=\"s9\"> informaci\u00f3n incorrecta o incompleta.<\/span><\/div><div class=\"s15\">\u2022 <span class=\"s10\">Eliminar<\/span><span class=\"s9\"> sus datos personales de nuestros registros.<\/span><\/div><div class=\"s15\">\u2022 <span class=\"s10\">Oponerse<\/span><span class=\"s9\"> al tratamiento de sus datos o retirar su consentimiento en cualquier momento.<\/span><\/div><p class=\"s11\"><span class=\"s9\">Para ejercer cualquiera de estos derechos, cont\u00e1ctenos a trav\u00e9s de los medios indicados a continuaci\u00f3n.<\/span><\/p><p class=\"s13\"><span class=\"s12\"><b>7. Seguridad<\/b><\/span><\/p><p class=\"s11\"><span class=\"s9\">Adoptamos medidas t\u00e9cnicas y organizativas razonables para proteger su informaci\u00f3n personal contra acceso no autorizado, p\u00e9rdida o divulgaci\u00f3n indebida.<\/span><\/p><p class=\"s13\"><span class=\"s12\"><b>8. Contacto<\/b><\/span><\/p><p class=\"s18\"><span class=\"s9\">Si tiene preguntas sobre esta pol\u00edtica o desea ejercer sus derechos, puede contactarnos:<\/span><\/p><p class=\"s19\"><span class=\"s10\">Instituto Tecnol\u00f3gico Superior Universitario de Estudios ITV<\/span><\/p><p class=\"s19\"><span class=\"s9\">Av. Carlos Julio Arosemena Km 2.5 y Las Monjas, Guayaquil, Ecuador<\/span><\/p><p class=\"s19\"><span class=\"s9\">WhatsApp: 0984377312<\/span><\/p><p class=\"s21\"><span class=\"s20\">Web: itv.edu.ec<\/span><\/p><p class=\"s13\"><span class=\"s12\"><b>9. Cambios a esta pol\u00edtica<\/b><\/span><\/p><p class=\"s22\"><span class=\"s9\">ITV se reserva el derecho de actualizar esta Pol\u00edtica de Privacidad. Cualquier cambio relevante ser\u00e1 publicado en esta p\u00e1gina con la fecha de actualizaci\u00f3n correspondiente.<\/span><\/p><p class=\"s24\"><span class=\"s23\">\u00a9 2026 ITV \u2014 Instituto Tecnol\u00f3gico Superior Universitario de Estudios. Todos los derechos reservados.<\/span><\/p>\t\t\t\t\t\t\t\t<\/div>\n\t\t\t\t<\/div>\n\t\t\t\t\t<\/div>\n\t\t<\/div>\n\t\t\t\t\t<\/div>\n\t\t<\/section>\n\t\t\t\t<\/div>\n\t\t","protected":false},"excerpt":{"rendered":"<p>Pol\u00edtica de Privacidad Instituto Tecnol\u00f3gico Superior Universitario de Estudios ITV \u00a0 Pol\u00edtica de Privacidad \u00daltima actualizaci\u00f3n: abril de 2026 El Instituto Tecnol\u00f3gico Superior Universitario de Estudios ITV (\u00abITV\u00bb, \u00abnosotros\u00bb) respeta su privacidad y se compromete a proteger la informaci\u00f3n personal que nos comparte a trav\u00e9s de nuestros formularios de contacto, incluyendo los formularios de generaci\u00f3n &hellip;<\/p>\n<p class=\"read-more\"> <a class=\"\" href=\"https:\/\/itv.edu.ec\/sitio\/politica-de-privacidad\"> <span class=\"screen-reader-text\">Pol\u00edtica de Privacidad<\/span> Leer m\u00e1s &raquo;<\/a><\/p>\n","protected":false},"author":3,"featured_media":0,"parent":0,"menu_order":203,"comment_status":"closed","ping_status":"closed","template":"","meta":{"site-sidebar-layout":"no-sidebar","site-content-layout":"page-builder","ast-main-header-display":"","ast-hfb-above-header-display":"","ast-hfb-below-header-display":"","ast-hfb-mobile-header-display":"","site-post-title":"disabled","ast-breadcrumbs-content":"","ast-featured-img":"disabled","footer-sml-layout":"","theme-transparent-header-meta":"enabled","adv-header-id-meta":"","stick-header-meta":"","header-above-stick-meta":"","header-main-stick-meta":"","header-below-stick-meta":"","footnotes":""},"class_list":["post-21693","page","type-page","status-publish","hentry"],"yoast_head":"<!-- This site is optimized with the Yoast SEO plugin v27.2 - https:\/\/yoast.com\/product\/yoast-seo-wordpress\/ -->\n<title>Pol\u00edtica de Privacidad -<\/title>\n<meta name=\"robots\" content=\"noindex, follow\" \/>\n<meta property=\"og:locale\" content=\"es_ES\" \/>\n<meta property=\"og:type\" content=\"article\" \/>\n<meta property=\"og:title\" content=\"Pol\u00edtica de Privacidad -\" \/>\n<meta property=\"og:description\" content=\"Pol\u00edtica de Privacidad Instituto Tecnol\u00f3gico Superior Universitario de Estudios ITV \u00a0 Pol\u00edtica de Privacidad \u00daltima actualizaci\u00f3n: abril de 2026 El Instituto Tecnol\u00f3gico Superior Universitario de Estudios ITV (\u00abITV\u00bb, \u00abnosotros\u00bb) respeta su privacidad y se compromete a proteger la informaci\u00f3n personal que nos comparte a trav\u00e9s de nuestros formularios de contacto, incluyendo los formularios de generaci\u00f3n &hellip; Pol\u00edtica de Privacidad Leer m\u00e1s &raquo;\" \/>\n<meta property=\"og:url\" content=\"https:\/\/itv.edu.ec\/sitio\/politica-de-privacidad\" \/>\n<meta property=\"article:modified_time\" content=\"2026-04-08T01:29:40+00:00\" \/>\n<meta name=\"twitter:card\" content=\"summary_large_image\" \/>\n<meta name=\"twitter:label1\" content=\"Tiempo de lectura\" \/>\n\t<meta name=\"twitter:data1\" content=\"3 minutos\" \/>\n<script type=\"application\/ld+json\" class=\"yoast-schema-graph\">{\"@context\":\"https:\/\/schema.org\",\"@graph\":[{\"@type\":\"WebPage\",\"@id\":\"https:\/\/itv.edu.ec\/sitio\/politica-de-privacidad\",\"url\":\"https:\/\/itv.edu.ec\/sitio\/politica-de-privacidad\",\"name\":\"Pol\u00edtica de Privacidad -\",\"isPartOf\":{\"@id\":\"https:\/\/itv.edu.ec\/sitio\/#website\"},\"datePublished\":\"2026-04-08T01:23:22+00:00\",\"dateModified\":\"2026-04-08T01:29:40+00:00\",\"breadcrumb\":{\"@id\":\"https:\/\/itv.edu.ec\/sitio\/politica-de-privacidad#breadcrumb\"},\"inLanguage\":\"es\",\"potentialAction\":[{\"@type\":\"ReadAction\",\"target\":[\"https:\/\/itv.edu.ec\/sitio\/politica-de-privacidad\"]}]},{\"@type\":\"BreadcrumbList\",\"@id\":\"https:\/\/itv.edu.ec\/sitio\/politica-de-privacidad#breadcrumb\",\"itemListElement\":[{\"@type\":\"ListItem\",\"position\":1,\"name\":\"Portada\",\"item\":\"https:\/\/itv.edu.ec\/sitio\/\"},{\"@type\":\"ListItem\",\"position\":2,\"name\":\"Pol\u00edtica de Privacidad\"}]},{\"@type\":\"WebSite\",\"@id\":\"https:\/\/itv.edu.ec\/sitio\/#website\",\"url\":\"https:\/\/itv.edu.ec\/sitio\/\",\"name\":\"\",\"description\":\"La puerta de entrada a la TV\",\"potentialAction\":[{\"@type\":\"SearchAction\",\"target\":{\"@type\":\"EntryPoint\",\"urlTemplate\":\"https:\/\/itv.edu.ec\/sitio\/?s={search_term_string}\"},\"query-input\":{\"@type\":\"PropertyValueSpecification\",\"valueRequired\":true,\"valueName\":\"search_term_string\"}}],\"inLanguage\":\"es\"}]}<\/script>\n<!-- \/ Yoast SEO plugin. -->","yoast_head_json":{"title":"Pol\u00edtica de Privacidad -","robots":{"index":"noindex","follow":"follow"},"og_locale":"es_ES","og_type":"article","og_title":"Pol\u00edtica de Privacidad -","og_description":"Pol\u00edtica de Privacidad Instituto Tecnol\u00f3gico Superior Universitario de Estudios ITV \u00a0 Pol\u00edtica de Privacidad \u00daltima actualizaci\u00f3n: abril de 2026 El Instituto Tecnol\u00f3gico Superior Universitario de Estudios ITV (\u00abITV\u00bb, \u00abnosotros\u00bb) respeta su privacidad y se compromete a proteger la informaci\u00f3n personal que nos comparte a trav\u00e9s de nuestros formularios de contacto, incluyendo los formularios de generaci\u00f3n &hellip; Pol\u00edtica de Privacidad Leer m\u00e1s &raquo;","og_url":"https:\/\/itv.edu.ec\/sitio\/politica-de-privacidad","article_modified_time":"2026-04-08T01:29:40+00:00","twitter_card":"summary_large_image","twitter_misc":{"Tiempo de lectura":"3 minutos"},"schema":{"@context":"https:\/\/schema.org","@graph":[{"@type":"WebPage","@id":"https:\/\/itv.edu.ec\/sitio\/politica-de-privacidad","url":"https:\/\/itv.edu.ec\/sitio\/politica-de-privacidad","name":"Pol\u00edtica de Privacidad -","isPartOf":{"@id":"https:\/\/itv.edu.ec\/sitio\/#website"},"datePublished":"2026-04-08T01:23:22+00:00","dateModified":"2026-04-08T01:29:40+00:00","breadcrumb":{"@id":"https:\/\/itv.edu.ec\/sitio\/politica-de-privacidad#breadcrumb"},"inLanguage":"es","potentialAction":[{"@type":"ReadAction","target":["https:\/\/itv.edu.ec\/sitio\/politica-de-privacidad"]}]},{"@type":"BreadcrumbList","@id":"https:\/\/itv.edu.ec\/sitio\/politica-de-privacidad#breadcrumb","itemListElement":[{"@type":"ListItem","position":1,"name":"Portada","item":"https:\/\/itv.edu.ec\/sitio\/"},{"@type":"ListItem","position":2,"name":"Pol\u00edtica de Privacidad"}]},{"@type":"WebSite","@id":"https:\/\/itv.edu.ec\/sitio\/#website","url":"https:\/\/itv.edu.ec\/sitio\/","name":"","description":"La puerta de entrada a la TV","potentialAction":[{"@type":"SearchAction","target":{"@type":"EntryPoint","urlTemplate":"https:\/\/itv.edu.ec\/sitio\/?s={search_term_string}"},"query-input":{"@type":"PropertyValueSpecification","valueRequired":true,"valueName":"search_term_string"}}],"inLanguage":"es"}]}},"_links":{"self":[{"href":"https:\/\/itv.edu.ec\/sitio\/wp-json\/wp\/v2\/pages\/21693","targetHints":{"allow":["GET"]}}],"collection":[{"href":"https:\/\/itv.edu.ec\/sitio\/wp-json\/wp\/v2\/pages"}],"about":[{"href":"https:\/\/itv.edu.ec\/sitio\/wp-json\/wp\/v2\/types\/page"}],"author":[{"embeddable":true,"href":"https:\/\/itv.edu.ec\/sitio\/wp-json\/wp\/v2\/users\/3"}],"replies":[{"embeddable":true,"href":"https:\/\/itv.edu.ec\/sitio\/wp-json\/wp\/v2\/comments?post=21693"}],"version-history":[{"count":7,"href":"https:\/\/itv.edu.ec\/sitio\/wp-json\/wp\/v2\/pages\/21693\/revisions"}],"predecessor-version":[{"id":21703,"href":"https:\/\/itv.edu.ec\/sitio\/wp-json\/wp\/v2\/pages\/21693\/revisions\/21703"}],"wp:attachment":[{"href":"https:\/\/itv.edu.ec\/sitio\/wp-json\/wp\/v2\/media?parent=21693"}],"curies":[{"name":"wp","href":"https:\/\/api.w.org\/{rel}","templated":true}]}}